(k)?
163
Let u = -588 - -524. List the prime factors of (1 - (-391)/(-2))/(u/384).
3, 389
Let w = 69 - 65. Suppose 2*p + p - 76 = -4*b, -p + w*b = -36. List the prime factors of 41 + p/(-4) + 5.
3, 13
Let y = 30946 + -7936. List the prime factors of y.
2, 3, 5, 13, 59
Suppose -105 - 27 = -6*k. Let a = k + -20. Suppose 1596 = 5*u - a*d + 648, 4*u = 4*d + 756. List the prime factors of u.
2, 5, 19
Let o(h) = -440*h + 488. List the prime factors of o(-4).
2, 281
Suppose -2*o = w - 55206, -5*w - 110028 = 4*o - 386064. What are the prime factors of w?
2, 67, 103
Suppose 75*z - 77*z + 2 = 0. List the prime factors of (-60)/(z + 0 + -2).
2, 3, 5
Let h = -57737 - -83421. What are the prime factors of h?
2, 6421
Let f = 4571 + -2139. What are the prime factors of f?
2, 19
Let c(s) = 421*s**2 + 65*s - 43. List the prime factors of c(9).
7, 101
Suppose -244*y + 299*y = 3616745. List the prime factors of y.
19, 3461
Suppose -114*i - 94548 = -126*i. List the prime factors of i.
7879
Suppose -10 = -3*o - 4. Suppose -2*q + 261 = y - q, 2*y - 502 = o*q. Suppose 2*c + u - y = 0, -5*c + 4*u = -10*c + 634. List the prime factors of c.
2, 5, 13
Let s(z) = 101*z + 800. What are the prime factors of s(32)?
2, 3, 7
Let v(u) be the first derivative of -8 - 3/2*u**2 - 31*u. List the prime factors of v(-19).
2, 13
Let s = 88 - 0. Let c = s + -34. List the prime factors of 3/(c/(-22))*-6*6.
2, 11
Let d = -169 + 181. Suppose -663 = -d*a + 141. What are the prime factors of a?
67
Suppose -14*u = -7*u - 4151. Let a = u + -250. List the prime factors of a.
7
Let s be -1 + (3/(-9))/((-9)/999). Suppose 0 = 48*b - 46*b - s. List the prime factors of b.
2, 3
Suppose -3*r - u = 522, 6*r = 2*r + 3*u - 696. Suppose -751 = -11*m + 8*m + v, -5*m + 1249 = -3*v. Let p = r + m. List the prime factors of p.
7, 11
Let b(i) = -i - 3. Let r be b(-6). Let p = -4951 + 4955. Suppose 112 = 5*u - 3*u - p*t, 0 = 2*u - r*t - 107. What are the prime factors of u?
2, 23
Let o(i) = -2460*i - 81. Let a be o(-6). What are the prime factors of 2/(-9) - a/(-81)?
181
Let t(z) = -2*z + 80. Let q be t(9). Suppose q*f = 55*f + 1442. What are the prime factors of f?
2, 103
Let s(f) = 2758*f + 3244. List the prime factors of s(16).
2, 13, 911
Suppose -2*d = -3*i + 24642, -2*i + 51*d + 16429 = 50*d. List the prime factors of i.
2, 13, 79
Let c(t) be the second derivative of 29*t**4/6 - 5*t**3/2 + 40*t**2 + t + 51. List the prime factors of c(4).
2, 3, 79
Let h(u) = 8*u**2 - 6*u + 23. Let x(n) = -5*n + 37. Let k(l) = -16*l + 112. Let a(j) = -4*k(j) + 11*x(j). Let c be a(5). What are the prime factors of h(c)?
127
List the prime factors of -6 - (-96)/(-192)*(-1214 - 0).
601
Let n be (-4942)/(-2) - (-77 - -78). Let p = n + -1311. What are the prime factors of p?
19, 61
Suppose 5*g - 82605 = -5*s, -208*s - 16537 = -209*s + 3*g. List the prime factors of s.
5, 661
Suppose 3938307 = 226*h - 664635. List the prime factors of h.
3, 31, 73
Let j = 62 - 2. Suppose 1570 - j = 10*q. List the prime factors of q.
151
Suppose m = -4*u + 15555, -4*m - 64*u + 68*u + 62120 = 0. What are the prime factors of m?
5, 13, 239
Let f be (-22)/((10/11)/(-5)). Let v be f/22 + 2/(-4). Suppose -v*t - 2 = -12. List the prime factors of t.
2
Let s(h) = -59*h - 103*h + 43*h - 12. Let q be s(-2). Suppose -4*v + u + 140 = 0, 0 = 5*v - 2*u + 48 - q. What are the prime factors of v?
2, 17
Let k be (-10)/(-13 - -3)*2. Suppose -k*v = 4*g - 2628 - 1588, -4*v - 5*g + 8444 = 0. What are the prime factors of v?
2, 23
Suppose -8*m + 456 = -648. Suppose d = 2*d - m. Let f = d - 7. What are the prime factors of f?
131
Suppose -y + 500 = 9*y. Let f be ((-12)/(-10))/((-10)/y). What are the prime factors of (165/f)/((-1)/2)?
5, 11
What are the prime factors of (20472/(-15))/(4*3/(-30))?
2, 853
Suppose -55*s + 65514 = -589591. List the prime factors of s.
43, 277
Let w = 6132 - 3392. Let k = w + -1535. List the prime factors of k.
5, 241
Let a = 5391 - 2556. Suppose -2*u - 3*h + a = 0, 3*h - 1281 - 4374 = -4*u. What are the prime factors of u?
2, 3, 5, 47
What are the prime factors of 307 + 8075 - (12 + -1)?
11, 761
Let p = -129 + 132. List the prime factors of (3378/p)/(1 - -1).
563
Suppose 5*k + 4*c - 10 - 4 = 0, 2*k - 5*c = -1. Suppose k*j = 4*j - 264. What are the prime factors of j?
2, 3, 11
Let a be -1*(7 + -12 + 1). Suppose -a*o = -34 - 174. List the prime factors of o.
2, 13
Let r(l) = -7*l + 55. Let b be r(8). List the prime factors of 1262/b*13/(-26).
631
Let c = 20608 + -6098. List the prime factors of c.
2, 5, 1451
Let q = 7 + -3. Suppose -f - q*f = 2*z - 99, -12 = -4*f. What are the prime factors of z*2*130/78?
2, 5, 7
Let b(f) = -2*f**2 - 11*f - 20. Let w be b(-6). List the prime factors of (44/(-3))/(w/195).
2, 5, 11
Let o = -78 - -244. Let w = o + -91. Suppose w = -3*n + 303. List the prime factors of n.
2, 19
Let y = 818 - 818. Suppose 3*g - 4038 - 1287 = y. List the prime factors of g.
5, 71
Let l(q) = 2*q**2 - 14*q - 12. Let y = -195 + 182. List the prime factors of l(y).
2, 127
Suppose 0 = 3*k - 4*g - 2299, k - 611 = -4*g + 166. What are the prime factors of 3*(0 + 2) + k?
5, 31
Let a(g) = -2*g**3 - 60*g**2 + 19. Let p be a(-30). Let u(b) = 19*b + 67. What are the prime factors of u(p)?
2, 107
Let p(f) = 6*f**2 + 5*f + 103. Let g(r) = -2*r**2 + 1. Let v(o) = 2*g(o) + p(o). List the prime factors of v(-22).
3, 107
Suppose -55 = 5*x + 235. Let m = -35 - -81. Let b = m - x. What are the prime factors of b?
2, 13
Let h = -8 + -5. Let q(v) = 2*v**3 + 32*v**2 + 10*v - 45. List the prime factors of q(h).
839
Let j be (7 - 102/12)/(1/(-6)). Let r be 3/(-6)*(-14 - -6). Suppose r*n - j = 107. List the prime factors of n.
29
Let t = -3826 + 10000. Suppose 55*b + t = 61*b. List the prime factors of b.
3, 7
Let n = 25 + -9. Let w(f) = -14*f**2 + 16 - 407*f + 33*f**3 + 379*f - 32*f**3. What are the prime factors of w(n)?
2, 5
Let i = 12341 - -8691. What are the prime factors of i?
2, 11, 239
Suppose 3522418 = 72*p - 70*p + 116*p. List the prime factors of p.
29851
Let v be (-37558)/3 + (-76)/(-57). What are the prime factors of 2/5 - v/55?
2, 3, 19
Let s(a) = 84800*a**2 + 4*a + 16. What are the prime factors of s(1)?
2, 5, 4241
Let t(m) = 21*m + 58*m**2 - 110*m**2 + 53*m**2 + 13. What are the prime factors of t(-29)?
5, 7
Let q(u) = 4 - 20 + 10*u**2 - 27*u + 29*u + 3. List the prime factors of q(-10).
967
Let o(f) = 184*f**2 + 29*f + 93. List the prime factors of o(10).
3, 2087
Suppose 476 = -4*v - 3244. Let y = -377 - v. List the prime factors of y.
7, 79
Let y = 216 - 43. Suppose 1507 = 21*h - y. What are the prime factors of h?
2, 5
Let g be (4 + 320/(-25))/((-2)/5). Suppose 25*p - g*p - 933 = 0. What are the prime factors of p?
311
Let t be ((-1188)/330)/(4/70*-1). Suppose -2*j + 9*j - t = 0. List the prime factors of j.
3
Let x(t) = 54*t**2 + 8*t - 231. What are the prime factors of x(15)?
3, 4013
Let g(c) be the first derivative of -c**4/4 - 5*c**3/3 - 2*c**2 - 72*c - 28. What are the prime factors of g(-8)?
2, 19
Suppose 9*y - 5*y = -112. Let p be (y/35)/((-2)/145). Suppose -p - 56 = -2*g. What are the prime factors of g?
3, 19
Suppose -227800 = -8*y + 4*k, 55*y + 2*k - 56938 = 53*y. What are the prime factors of y?
3, 9491
Let o(i) be the first derivative of 16/3*i**3 + 3/2*i**2 + 19*i + 25. List the prime factors of o(-4).
263
Let m(g) = -18*g + 1 + 437*g**2 - 17*g - 456*g**2 - g**3. What are the prime factors of m(-17)?
2, 3
Suppose -1535735 = 8*k - 522999. List the prime factors of k/(-112) + (-2)/7.
2, 5, 113
Let y(j) = -3*j**2 + 9*j + 4. Let f be y(3). Suppose t = -f*t - 3*g + 49, 37 = 5*t - g. Suppose 2*u = -0*u - t, u - 188 = -2*v. List the prime factors of v.
2, 3
Let u = 175569 + -103025. List the prime factors of u.
2, 2267
Suppose -4060 = 99*y - 104*y. Suppose -3*h - 7*o = -6*o - 2408, 2*o = h - y. What are the prime factors of h?
2, 3, 67
Suppose -439 = -7*h + 331. Suppose -5*z - h = 55. Let j = 48 + z. What are the prime factors of j?
3, 5
Let w(j) = -7*j**2 - 5*j + 6094. What are the prime factors of w(0)?
2, 11, 277
Let d(b) = -12*b**3 + 5*b**2 - 142*b - 31. What are the prime factors of d(-13)?
2, 907
Let y(b) = 6*b + 47. Let d be (-5)/(-50)*5*(-12)/(-2). Suppose 3*i - 53 = -i - d*s, -5*s = -3*i + 47. What are the prime fac